s of 4920.
2, 3, 5, 41
What are the prime factors of 3304?
2, 7, 59
What are the prime factors of 12923?
12923
What are the prime factors of 1256?
2, 157
List the prime factors of 11228.
2, 7, 401
List the prime factors of 3113.
11, 283
What are the prime factors of 77762?
2, 59, 659
What are the prime factors of 31248?
2, 3, 7, 31
List the prime factors of 1506.
2, 3, 251
What are the prime factors of 9092?
2, 2273
What are the prime factors of 554?
2, 277
List the prime factors of 7143.
3, 2381
What are the prime factors of 1275?
3, 5, 17
List the prime factors of 38105.
5, 7621
What are the prime factors of 291?
3, 97
List the prime factors of 26957.
7, 3851
What are the prime factors of 3391?
3391
What are the prime factors of 388?
2, 97
What are the prime factors of 3588?
2, 3, 13, 23
What are the prime factors of 1258?
2, 17, 37
List the prime factors of 21224.
2, 7, 379
What are the prime factors of 2252?
2, 563
What are the prime factors of 173?
173
List the prime factors of 92055.
3, 5, 17, 19
List the prime factors of 193.
193
What are the prime factors of 14287?
7, 13, 157
List the prime factors of 14596.
2, 41, 89
List the prime factors of 2622.
2, 3, 19, 23
What are the prime factors of 104916?
2, 3, 7, 1249
List the prime factors of 227.
227
List the prime factors of 25854.
2, 3, 31, 139
List the prime factors of 200.
2, 5
What are the prime factors of 12551?
7, 11, 163
List the prime factors of 11927.
11927
What are the prime factors of 91339?
241, 379
What are the prime factors of 17546?
2, 31, 283
List the prime factors of 5873.
7, 839
What are the prime factors of 668?
2, 167
What are the prime factors of 50473?
17, 2969
List the prime factors of 12022.
2, 6011
List the prime factors of 26458.
2, 13229
List the prime factors of 322.
2, 7, 23
List the prime factors of 931.
7, 19
What are the prime factors of 71443?
71443
What are the prime factors of 1801?
1801
List the prime factors of 2811.
3, 937
What are the prime factors of 4146?
2, 3, 691
List the prime factors of 1519.
7, 31
What are the prime factors of 2826?
2, 3, 157
What are the prime factors of 24701?
17, 1453
List the prime factors of 2544.
2, 3, 53
List the prime factors of 111916.
2, 7, 571
What are the prime factors of 10138?
2, 37, 137
List the prime factors of 1025.
5, 41
List the prime factors of 40992.
2, 3, 7, 61
What are the prime factors of 52174?
2, 19, 1373
List the prime factors of 705.
3, 5, 47
List the prime factors of 4321.
29, 149
What are the prime factors of 8410?
2, 5, 29
List the prime factors of 17254.
2, 8627
What are the prime factors of 2024?
2, 11, 23
What are the prime factors of 2084?
2, 521
List the prime factors of 12191.
73, 167
List the prime factors of 6.
2, 3
List the prime factors of 487.
487
List the prime factors of 8930.
2, 5, 19, 47
List the prime factors of 1038.
2, 3, 173
What are the prime factors of 3962?
2, 7, 283
List the prime factors of 4743.
3, 17, 31
List the prime factors of 41983.
41983
List the prime factors of 18326.
2, 7, 11, 17
List the prime factors of 1229.
1229
List the prime factors of 3667.
19, 193
List the prime factors of 843.
3, 281
What are the prime factors of 1583?
1583
List the prime factors of 6612.
2, 3, 19, 29
List the prime factors of 169899.
3, 56633
List the prime factors of 3840.
2, 3, 5
What are the prime factors of 66300?
2, 3, 5, 13, 17
What are the prime factors of 3662?
2, 1831
List the prime factors of 5580.
2, 3, 5, 31
List the prime factors of 4788.
2, 3, 7, 19
What are the prime factors of 437?
19, 23
List the prime factors of 13234.
2, 13, 509
What are the prime factors of 1232?
2, 7, 11
List the prime factors of 3552.
2, 3, 37
What are the prime factors of 142357?
142357
List the prime factors of 33141.
3, 11047
List the prime factors of 2344.
2, 293
List the prime factors of 2479.
37, 67
What are the prime factors of 38423?
7, 11, 499
What are the prime factors of 1135?
5, 227
List the prime factors of 952.
2, 7, 17
What are the prime factors of 110581?
110581
What are the prime factors of 1377?
3, 17
List the prime factors of 10499.
10499
List the prime factors of 39028.
2, 11, 887
What are the prime factors of 530?
2, 5, 53
What are the prime factors of 48672?
2, 3, 13
List the prime factors of 769.
769
List the prime factors of 4432.
2, 277
What are the prime factors of 999?
3, 37
List the prime factors of 41686.
2, 19, 1097
What are the prime factors of 654?
2, 3, 109
What are the prime factors of 837?
3, 31
List the prime factors of 72807.
3, 7, 3467
List the prime factors of 2237.
2237
What are the prime factors of 9916?
2, 37, 67
What are the prime factors of 4722?
2, 3, 787
List the prime factors of 9353.
47, 199
What are the prime factors of 1043?
7, 149
List the prime factors of 1259.
1259
What are the prime factors of 596?
2, 149
List the prime factors of 138315.
3, 5, 9221
List the prime factors of 517.
11, 47
What are the prime factors of 3171?
3, 7, 151
What are the prime factors of 3494?
2, 1747
List the prime factors of 2836.
2, 709
What are the prime factors of 22585?
5, 4517
What are the prime factors of 101160?
2, 3, 5, 281
What are the prime factors of 122?
2, 61
What are the prime factors of 9338?
2, 7, 23, 29
What are the prime factors of 151268?
2, 13, 2909
What are the prime factors of 12996?
2, 3, 19
List the prime factors of 13982.
2, 6991
List the prime factors of 9240.
2, 3, 5, 7, 11
List the prime factors of 11120.
2, 5, 139
List the prime factors of 4723.
4723
List the prime factors of 16425.
3, 5, 73
List the prime factors of 29536.
2, 13, 71
What are the prime factors of 5373?
3, 199
List the prime factors of 100825.
5, 37, 109
List the prime factors of 17642.
2, 8821
What are the prime factors of 117411?
3, 7, 5591
List the prime factors of 115950.
2, 3, 5, 773
What are the prime factors of 1303?
1303
What are the prime factors of 9685?
5, 13, 149
What are the prime factors of 784?
2, 7
List the prime factors of 1235.
5, 13, 19
List the prime factors of 7143.
3, 2381
List the prime factors of 2229.
3, 743
What are the prime factors of 27290?
2, 5, 2729
What are the prime factors of 6061?
11, 19, 29
What are the prime factors of 1395?
3, 5, 31
List the prime factors of 108063.
3, 12007
What are the prime factors of 4?
2
List the prime factors of 6367.
6367
What are the prime factors of 8034?
2, 3, 13, 103
List the prime factors of 18061.
18061
What are the prime factors of 6468?
2, 3, 7, 11
What are the prime factors of 430?
2, 5, 43
List the prime factors of 5076.
2, 3, 47
What are the prime factors of 49681?
49681
What are the prime factors of 71727?
3, 23909
What are the prime factors of 17357?
17, 1021
What are the prime factors of 14423?
14423
List the prime factors of 389.
389
List the prime factors of 1246.
2, 7, 89
What are the prime factors of 701?
701
List the prime factors of 40662.
2, 3, 251
List the prime factors of 1131.
3, 13, 29
List the prime factors of 407.
11, 37
What are the prime factors of 22634?
2, 11317
List the prime factors of 500.
2, 5
List the prime factors of 3678.
2, 3, 613
What are the prime factors of 2565?
3, 5, 19
List the prime factors of 878.
2, 439
What are the prime factors of 21673?
21673
What are the prime factors of 41322?
2, 3, 71, 97
What are the prime factors of 11431?
7, 23, 71
What are the prime factors of 6376?
2, 797
What are the prime factors of 14306?
2, 23, 311
List the prime factors of 25530.
2, 3, 5, 23, 37
List the prime factors of 1807.
13, 139
List the prime factors of 1448.
2, 181
List the prime factors of 1669.
1669
What are the prime factors of 14595?
3, 5, 7, 139
List the prime factors of 2971.
2971
What are the prime factors of 9074?
2, 13, 349
What are the prime factors of 10530?
2, 3, 5, 13
What are the prime factors of 17044?
2, 4261
List the prime factors of 3099.
3, 1033
What are the prime factors of 13986?
2, 3, 7, 37
What are the prime factors of 17346?
2, 3, 7, 59
List the prime factors of 1852.
2, 463
What are the prime factors of 77415?
3, 5, 13, 397
What are the prime factors of 45745?
5, 7, 1307
What are the prime factors of 479?
479
List the prime factors of 35128.
2, 4391
What are the prime factors of 1128?
2, 3, 47
What are the prime factors of 4295?
5, 859
List the pr